04
Calculate the remainder when 754 is divided by 42.
40
What is the remainder when 146 is divided by 28?
6
What is the remainder when 4435 is divided by 185?
180
What is the remainder when 6764 is divided by 24?
20
Calculate the remainder when 921 is divided by 12.
9
Calculate the remainder when 531 is divided by 138.
117
Calculate the remainder when 122 is divided by 99.
23
What is the remainder when 58 is divided by 11?
3
Calculate the remainder when 2893 is divided by 17.
3
What is the remainder when 86 is divided by 7?
2
Calculate the remainder when 14 is divided by 12.
2
What is the remainder when 382 is divided by 23?
14
Calculate the remainder when 1597 is divided by 56.
29
What is the remainder when 447 is divided by 41?
37
What is the remainder when 1165 is divided by 73?
70
What is the remainder when 11079 is divided by 11065?
14
What is the remainder when 157 is divided by 115?
42
What is the remainder when 261 is divided by 31?
13
What is the remainder when 161 is divided by 55?
51
Calculate the remainder when 1552 is divided by 770.
12
Calculate the remainder when 1014 is divided by 570.
444
Calculate the remainder when 625 is divided by 195.
40
What is the remainder when 278 is divided by 88?
14
What is the remainder when 53 is divided by 16?
5
Calculate the remainder when 11894 is divided by 8.
6
Calculate the remainder when 3038 is divided by 1010.
8
What is the remainder when 264 is divided by 38?
36
What is the remainder when 58 is divided by 43?
15
Calculate the remainder when 230 is divided by 21.
20
What is the remainder when 85 is divided by 15?
10
What is the remainder when 1899 is divided by 14?
9
What is the remainder when 574 is divided by 572?
2
What is the remainder when 460 is divided by 78?
70
Calculate the remainder when 4623 is divided by 18.
15
Calculate the remainder when 178 is divided by 9.
7
Calculate the remainder when 820 is divided by 162.
10
What is the remainder when 1044 is divided by 338?
30
What is the remainder when 360 is divided by 162?
36
What is the remainder when 845 is divided by 54?
35
What is the remainder when 102 is divided by 12?
6
What is the remainder when 261 is divided by 34?
23
Calculate the remainder when 358 is divided by 8.
6
Calculate the remainder when 512 is divided by 128.
0
Calculate the remainder when 107 is divided by 39.
29
Calculate the remainder when 373 is divided by 77.
65
What is the remainder when 2355 is divided by 94?
5
What is the remainder when 474 is divided by 10?
4
What is the remainder when 143 is divided by 57?
29
What is the remainder when 1148 is divided by 319?
191
What is the remainder when 148 is divided by 51?
46
Calculate the remainder when 559 is divided by 10.
9
Calculate the remainder when 134 is divided by 21.
8
What is the remainder when 155 is divided by 13?
12
Calculate the remainder when 1057 is divided by 349.
10
What is the remainder when 10 is divided by 5?
0
What is the remainder when 2532 is divided by 17?
16
Calculate the remainder when 282 is divided by 97.
88
What is the remainder when 13912 is divided by 5?
2
What is the remainder when 255 is divided by 53?
43
What is the remainder when 7 is divided by 3?
1
What is the remainder when 386 is divided by 65?
61
What is the remainder when 297 is divided by 17?
8
Calculate the remainder when 785 is divided by 9.
2
What is the remainder when 85 is divided by 27?
4
Calculate the remainder when 1133 is divided by 27.
26
Calculate the remainder when 683 is divided by 148.
91
Calculate the remainder when 1483 is divided by 14.
13
What is the remainder when 61 is divided by 16?
13
What is the remainder when 2007 is divided by 154?
5
What is the remainder when 941 is divided by 6?
5
Calculate the remainder when 546 is divided by 132.
18
Calculate the remainder when 137 is divided by 47.
43
Calculate the remainder when 269 is divided by 86.
11
What is the remainder when 873 is divided by 30?
3
What is the remainder when 126 is divided by 3?
0
Calculate the remainder when 421 is divided by 29.
15
Calculate the remainder when 82 is divided by 28.
26
Calculate the remainder when 270 is divided by 86.
12
Calculate the remainder when 3539 is divided by 20.
19
What is the remainder when 80 is divided by 64?
16
What is the remainder when 3916 is divided by 80?
76
What is the remainder when 231 is divided by 40?
31
What is the remainder when 284 is divided by 97?
90
What is the remainder when 1585 is divided by 40?
25
What is the remainder when 677 is divided by 34?
31
Calculate the remainder when 657 is divided by 14.
13
Calculate the remainder when 268 is divided by 125.
18
Calculate the remainder when 822 is divided by 75.
72
What is the remainder when 930 is divided by 778?
152
What is the remainder when 1726 is divided by 12?
10
Calculate the remainder when 72 is divided by 19.
15
Calculate the remainder when 96 is divided by 43.
10
Calculate the remainder when 837 is divided by 21.
18
Calculate the remainder when 2115 is divided by 78.
9
What is the remainder when 33 is divided by 29?
4
What is the remainder when 687 is divided by 33?
27
What is the remainder when 1244 is divided by 12?
8
Calculate the remainder when 228 is divided by 78.
72
What is the remainder when 18745 is divided by 86?
83
Calculate the remainder when 1348 is divided by 668.
12
Calculate the remainder when 957 is divided by 103.
30
What is the remainder when 25 is divided by 13?
12
Calculate the remainder when 64 is divided by 23.
18
Calculate the remainder when 498 is divided by 394.
104
What is the remainder when 449 is divided by 90?
89
Calculate the remainder when 1959 is divided by 20.
19
What is the remainder when 91 is divided by 25?
16
What is the remainder when 962 is divided by 72?
26
What is the remainder when 6934 is divided by 20?
14
Calculate the remainder when 239 is divided by 40.
39
What is the remainder when 398 is divided by 100?
98
What is the remainder when 2148 is divided by 710?
18
What is the remainder when 906 is divided by 214?
50
Calculate the remainder when 208 is divided by 20.
8
Calculate the remainder when 587 is divided by 165.
92
Calculate the remainder when 297 is divided by 75.
72
Calculate the remainder when 2056 is divided by 252.
40
Calculate the remainder when 130 is divided by 26.
0
Calculate the remainder when 1298 is divided by 62.
58
Calculate the remainder when 176 is divided by 97.
79
What is the remainder when 2805 is divided by 23?
22
What is the remainder when 213 is divided by 6?
3
Calculate the remainder when 1679 is divided by 182.
41
Calculate the remainder when 3111 is divided by 35.
31
What is the remainder when 21865 is divided by 15?
10
Calculate the remainder when 213 is divided by 188.
25
Calculate the remainder when 286 is divided by 93.
7
What is the remainder when 383 is divided by 52?
19
What is the remainder when 177 is divided by 15?
12
What is the remainder when 103 is divided by 13?
12
What is the remainder when 381 is divided by 32?
29
Calculate the remainder when 721 is divided by 336.
49
What is the remainder when 427 is divided by 72?
67
Calculate the remainder when 288 is divided by 14.
8
What is the remainder when 706 is divided by 92?
62
Calculate the remainder when 1141 is divided by 1135.
6
What is the remainder when 196 is divided by 37?
11
What is the remainder when 1370 is divided by 55?
50
Calculate the remainder when 203 is divided by 22.
5
Calculate the remainder when 187 is divided by 56.
19
Calculate the remainder when 193 is divided by 64.
1
Calculate the remainder when 69 is divided by 19.
12
Calculate the remainder when 890 is divided by 861.
29
What is the remainder when 185 is divided by 94?
91
What is the remainder when 905 is divided by 30?
5
What is the remainder when 619 is divided by 48?
43
What is the remainder when 1313 is divided by 101?
0
Calculate the remainder when 178 is divided by 140.
38
Calculate the remainder when 8312 is divided by 9.
5
Calculate the remainder when 99 is divided by 21.
15
What is the remainder when 609 is divided by 144?
33
Calculate the remainder when 376 is divided by 6.
4
What is the remainder when 115 is divided by 20?
15
What is the remainder when 1019 is divided by 14?
11
What is the remainder w